132117 is divided by 6595.
217
What is the remainder when 80655100 is divided by 54?
52
Calculate the remainder when 1962211 is divided by 277.
220
Calculate the remainder when 82266 is divided by 1115.
871
Calculate the remainder when 281744 is divided by 56299.
249
What is the remainder when 3771439 is divided by 3771409?
30
What is the remainder when 3561736 is divided by 178086?
16
Calculate the remainder when 3748270 is divided by 480.
430
What is the remainder when 51289965 is divided by 210?
195
Calculate the remainder when 776260 is divided by 15191.
1519
What is the remainder when 912207 is divided by 130295?
142
Calculate the remainder when 274836460 is divided by 5950.
10
Calculate the remainder when 81583 is divided by 1363.
1166
What is the remainder when 5109711 is divided by 138100?
11
What is the remainder when 90330 is divided by 15035?
120
What is the remainder when 4847820 is divided by 4702?
58
Calculate the remainder when 323397 is divided by 160995.
1407
What is the remainder when 246407405 is divided by 166?
159
Calculate the remainder when 93215 is divided by 532.
115
Calculate the remainder when 12502894 is divided by 6821.
1
Calculate the remainder when 246671750 is divided by 14.
10
What is the remainder when 6999879 is divided by 652?
7
What is the remainder when 461686 is divided by 19236?
22
Calculate the remainder when 45816322 is divided by 833024.
2
What is the remainder when 10901087 is divided by 36?
35
What is the remainder when 8310412 is divided by 1120?
12
What is the remainder when 364902 is divided by 20?
2
What is the remainder when 6372736 is divided by 18?
16
Calculate the remainder when 253273 is divided by 195.
163
Calculate the remainder when 10539507 is divided by 466.
451
What is the remainder when 210736 is divided by 265?
61
Calculate the remainder when 2644035 is divided by 39.
30
Calculate the remainder when 828192 is divided by 180.
12
What is the remainder when 309804 is divided by 952?
404
Calculate the remainder when 79735018 is divided by 230.
228
Calculate the remainder when 1301628 is divided by 16.
12
Calculate the remainder when 3212143 is divided by 71380.
43
Calculate the remainder when 3299080 is divided by 12544.
8
What is the remainder when 133115 is divided by 129993?
3122
What is the remainder when 1526951 is divided by 508944?
119
What is the remainder when 3393917 is divided by 61?
60
Calculate the remainder when 548046 is divided by 1284.
1062
Calculate the remainder when 40041 is divided by 531.
216
What is the remainder when 103865118 is divided by 40?
38
What is the remainder when 7639869 is divided by 2546619?
12
Calculate the remainder when 361979 is divided by 1707.
95
Calculate the remainder when 5705791 is divided by 1901920.
31
Calculate the remainder when 816631 is divided by 51004.
567
Calculate the remainder when 3223524 is divided by 658.
640
Calculate the remainder when 1847927 is divided by 2995.
12
Calculate the remainder when 12407074 is divided by 194.
192
What is the remainder when 18082003 is divided by 32?
19
What is the remainder when 547520 is divided by 12507?
9719
Calculate the remainder when 30856 is divided by 1353.
1090
What is the remainder when 5681415 is divided by 905?
730
What is the remainder when 389366 is divided by 63457?
8624
What is the remainder when 409499 is divided by 204657?
185
Calculate the remainder when 16812 is divided by 593.
208
What is the remainder when 12164521 is divided by 62?
59
Calculate the remainder when 1610154 is divided by 7704.
18
What is the remainder when 3856241 is divided by 1523?
5
Calculate the remainder when 15922636 is divided by 1769155.
241
What is the remainder when 158665 is divided by 19757?
609
What is the remainder when 3166709 is divided by 6681?
6596
What is the remainder when 102251 is divided by 12601?
1443
What is the remainder when 217003 is divided by 72312?
67
Calculate the remainder when 4393444 is divided by 201.
187
Calculate the remainder when 903319 is divided by 1394.
7
What is the remainder when 951525 is divided by 253?
245
What is the remainder when 224976 is divided by 20446?
70
What is the remainder when 1051665 is divided by 350537?
54
What is the remainder when 888845 is divided by 3076?
2957
What is the remainder when 111121161 is divided by 8?
1
What is the remainder when 90714 is divided by 29617?
1863
What is the remainder when 393630 is divided by 5062?
3856
What is the remainder when 24453 is divided by 3329?
1150
What is the remainder when 32451 is divided by 31061?
1390
What is the remainder when 71491848 is divided by 54?
6
Calculate the remainder when 157004 is divided by 39095.
624
What is the remainder when 142142 is divided by 19?
3
Calculate the remainder when 8018 is divided by 2.
0
What is the remainder when 80166 is divided by 76794?
3372
What is the remainder when 2075780 is divided by 86?
84
Calculate the remainder when 377677432 is divided by 2449.
2448
What is the remainder when 89953126 is divided by 3858?
3856
Calculate the remainder when 11366059 is divided by 47162.
17
Calculate the remainder when 6905931 is divided by 3452959.
13
Calculate the remainder when 3915882 is divided by 46.
40
What is the remainder when 9009321 is divided by 1801855?
46
What is the remainder when 59596778 is divided by 41272?
10
Calculate the remainder when 19219614 is divided by 354.
246
Calculate the remainder when 306087 is divided by 1191.
0
Calculate the remainder when 3892044 is divided by 4176.
12
Calculate the remainder when 3549311 is divided by 11057.
14
What is the remainder when 1631732 is divided by 135977?
8
What is the remainder when 2040204 is divided by 61?
59
Calculate the remainder when 5358441 is divided by 35.
11
What is the remainder when 45464301 is divided by 16?
13
What is the remainder when 20416195 is divided by 10208095?
5
What is the remainder when 102286 is divided by 568?
46
What is the remainder when 1446974 is divided by 649?
353
Calculate the remainder when 968014 is divided by 4102.
4044
Calculate the remainder when 1293162361 is divided by 13.
10
Calculate the remainder when 66866 is divided by 745.
561
Calculate the remainder when 13974308 is divided by 1231.
1227
What is the remainder when 78914226 is divided by 303?
300
What is the remainder when 2110328 is divided by 58619?
44
What is the remainder when 10008228 is divided by 2502013?
176
What is the remainder when 189728 is divided by 3872?
0
Calculate the remainder when 3009156 is divided by 22.
18
Calculate the remainder when 31161 is divided by 1815.
306
Calculate the remainder when 318633 is divided by 4823.
315
Calculate the remainder when 261845 is divided by 1037.
521
What is the remainder when 2720107 is divided by 154?
5
Calculate the remainder when 3506737 is divided by 131.
129
What is the remainder when 41059 is divided by 334?
311
Calculate the remainder when 110473343 is divided by 24.
23
What is the remainder when 3645890 is divided by 4069?
66
Calculate the remainder when 46313 is divided by 14122.
3947
Calculate the remainder when 25522761 is divided by 12761379.
3
What is the remainder when 29115709 is divided by 8117?
30
What is the remainder when 107259 is divided by 1021?
54
What is the remainder when 236489773 is divided by 16?
13
Calculate the remainder when 1415764 is divided by 8904.
28
What is the remainder when 22097 is divided by 3230?
2717
What is the remainder when 15733747 is divided by 15718?
29
Calculate the remainder when 22057 is divided by 17744.
4313
What is the remainder when 24061398 is divided by 819?
816
What is the remainder when 18219521 is divided by 3162?
77
What is the remainder when 174590 is divided by 14531?
218
Calculate the remainder when 309103 is divided by 102436.
1795
What is the remainder when 166279 is divided by 3?
1
What is the remainder when 238050 is divided by 118943?
164
Calculate the remainder when 180170265 is divided by 12.
9
Calculate the remainder when 2828357 is divided by 92.
1
Calculate the remainder when 4357361 is divided by 167.
164
Calculate the remainder when 9616312 is divided by 1359.
28
What is the remainder when 3233965 is divided by 1100?
1065
What is the remainder when 193820970 is divided by 1671